219a (base 13) to base 3.
-20102201
What is 120200212 (base 3) in base 12?
6758
2102101 (base 3) to base 14
901
455 (base 15) to base 2
1111010100
Convert 210120 (base 3) to base 10.
582
Convert 31435 (base 6) to base 15.
13eb
-232 (base 6) to base 11
-84
Convert -598 (base 11) to base 15.
-327
Convert -1021202 (base 6) to base 7.
-264266
734 (base 9) to base 10
598
What is 26106 (base 9) in base 2?
100010010101111
What is 5216 (base 9) in base 2?
111011101110
What is -1310131 (base 4) in base 2?
-1110100011101
-3352 (base 6) to base 12
-558
101111100 (base 2) to base 9
462
What is -3192 (base 12) in base 4?
-1110332
8003 (base 11) to base 2
10100110011011
What is 3a8 (base 14) in base 16?
2e0
-1eec (base 15) to base 13
-30c0
What is 6156 (base 8) in base 3?
11100212
What is 12223 (base 6) in base 8?
3427
2210 (base 7) to base 15
37b
434112 (base 6) to base 8
106074
Convert 1100110101111 (base 2) to base 4.
1212233
What is 46251 (base 9) in base 4?
13201222
What is 6034 (base 12) in base 9?
15244
What is 38bf (base 16) in base 9?
21831
Convert 27687 (base 12) to base 6.
1100251
8b6 (base 12) to base 3
1202210
358 (base 13) to base 15
28a
What is 2000210 (base 3) in base 11?
1125
Convert -305 (base 11) to base 12.
-268
-5167 (base 11) to base 5
-204344
-6f9b (base 16) to base 13
-1000a
Convert 228 (base 14) to base 11.
35a
a8 (base 13) to base 15
93
-20a40 (base 11) to base 3
-1112212222
Convert 4654 (base 7) to base 4.
122221
What is -1080 (base 11) in base 7?
-4065
What is 5122 (base 6) in base 5?
14010
Convert -40326 (base 7) to base 4.
-2120223
-3df (base 16) to base 2
-1111011111
Convert 252a (base 13) to base 2.
1010010011011
-112100110 (base 3) to base 11
-7950
-5246 (base 8) to base 4
-222212
What is -233c (base 14) in base 6?
-44214
What is 35642 (base 8) in base 15?
47cb
Convert 9063 (base 10) to base 3.
110102200
Convert -4021122 (base 5) to base 6.
-1211520
Convert -93a5 (base 12) to base 3.
-211002122
What is -100112012 (base 3) in base 16?
-1b20
Convert -5957 (base 12) to base 13.
-4726
77a1 (base 14) to base 3
1001102110
20221120 (base 3) to base 7
20523
Convert 1330002 (base 4) to base 10.
7938
3938 (base 15) to base 5
342303
What is -1a22 (base 11) in base 7?
-10323
Convert -2154 (base 12) to base 5.
-104124
-3045 (base 8) to base 3
-2011021
What is 572 (base 13) in base 5?
12223
Convert -4135 (base 6) to base 2.
-1110011011
What is 153e (base 15) in base 6?
33035
Convert 400 (base 9) to base 11.
275
What is -293 (base 13) in base 4?
-13022
Convert -887 (base 11) to base 14.
-55d
What is 12122 (base 5) in base 12?
640
Convert 3336 (base 7) to base 5.
14303
22210201 (base 3) to base 7
24466
What is -3236 (base 9) in base 6?
-15010
11a0 (base 12) to base 13
ba3
Convert 54550 (base 7) to base 5.
414112
What is -201020012 (base 3) in base 8?
-33302
What is 424 (base 13) in base 8?
1302
10000000110101 (base 2) to base 7
33016
Convert 23514 (base 6) to base 13.
173b
What is -43046 (base 7) in base 15?
-3262
204405 (base 6) to base 9
24645
Convert -a64 (base 13) to base 5.
-24042
-7da (base 15) to base 11
-1379
What is -21043 (base 6) in base 14?
-1067
236004 (base 7) to base 3
2011211010
What is 550 (base 9) in base 8?
702
-1003014 (base 6) to base 15
-e044
Convert 2202 (base 3) to base 2.
1001010
Convert a5b3 (base 12) to base 15.
5590
-7087 (base 9) to base 4
-1100332
3253 (base 15) to base 7
43026
Convert 74 (base 8) to base 7.
114
Convert 3427 (base 15) to base 12.
649a
31320 (base 6) to base 4
1002000
What is 5205 (base 6) in base 15?
522
Convert 1011001110000 (base 2) to base 11.
4352
Convert -21313200 (base 4) to base 13.
-1551c
131 (base 6) to base 4
313
-11132 (base 10) to base 4
-2231330
What is 2b0 (base 16) in base 9?
844
Convert 317b (base 14) to base 7.
33614
What is 142104 (base 6) in base 2?
11010001111000
Convert 184 (base 11) to base 3.
21220
Convert -da05 (base 14) to base 10.
-37637
-1312 (base 12) to base 6
-14022
Convert -221303 (base 4) to base 12.
-166b
What is -2001011 (base 3) in base 4?
-113101
What is -5541 (base 7) in base 5?
-30424
Convert -d4 (base 16) to base 13.
-134
Convert -106305 (base 7) to base 9.
-28070
221 (base 3) to base 7
34
Convert 32000 (base 5) to base 12.
1291
Convert -36133 (base 11) to base 6.
-1041014
Convert -33d (base 14) to base 13.
-3a6
Convert -789 (base 14) to base 16.
-5d5
What is -6ac (base 14) in base 4?
-110300
What is 10603 (base 7) in base 5?
41243
Convert 4342 (base 7) to base 10.
1549
631 (base 14) to base 7
3361
-22 (base 16) to base 2
-100010
Convert 7502 (base 10) to base 11.
5700
1b28 (base 12) to base 3
11120212
Convert 132021 (base 6) to base 4.
2331031
2506 (base 7) to base 14
4ad
Convert 1a5 (base 12) to base 13.
179
1421013 (base 5) to base 2
111001101000100
What is 166 (base 10) in base 5?
1131
220 (base 7) to base 5
422
What is 17014 (base 8) in base 13?
3669
Convert 220 (base 10) to base 9.
264
1405 (base 16) to base 12
2b71
Convert -210112 (base 3) to base 5.
-4311
9ff4 (base 16) to base 9
62147
Convert 2300200 (base 4) to base 7.
44635
What is 32662 (base 7) in base 6?
102031
20f (base 16) to base 6
2235
Convert 28b8 (base 14) to base 10.
7218
What is -2034 (base 5) in base 14?
-153
500 (base 10) to base 16
1f4
-3407 (base 8) to base 4
-130013
Convert 453 (base 12) to base 6.
2543
What is 1317 (base 12) in base 3?
2222201
What is a585 (base 14) in base 11?
1a493
What is -101314 (base 5) in base 10?
-3334
Convert -12123102 (base 4) to base 14.
-9842
What is 165013 (base 7) in base 9?
50157
Convert -304050 (base 6) to base 14.
-8b82
Convert 10001010001110 (base 2) to base 3.
110010122
What is 3281 (base 10) in base 12?
1a95
-3450 (base 6) to base 12
-586
Convert -78 (base 10) to base 16.
-4e
Convert -121 (base 16) to base 10.
-289
Convert -10d7 (base 15) to base 10.
-3577
What is 5c (base 15) in base 12?
73
What is -13323 (base 4) in base 13?
-300
What is 281 (base 11) in base 2?
101001011
What is -2002112 (base 3) in base 16?
-5f6
Convert 26e (base 16) to base 7.
1546
Convert 936 (base 16) to base 12.
1446
321121 (base 6) to base 14
9785
What is -440400 (base 5) in base 12?
-88a4
79 (base 16) to base 14
89
Convert 12b4 (base 13) to base 16.
a7a
What is -245440 (base 6) in base 12?
-10880
Convert -32 (base 9) to base 7.
-41
Convert -525 (base 13) to base 11.
-727
Convert 63 (base 11) to base 14.
4d
Convert 2b51 (base 13) to base 2.
1100010101111
Convert 241014 (base 7) to base 8.
125064
1100101100 (base 2) to base 9
1102
What is -6502 (base 14) in base 8?
-42046
What is 7d6 (base 15) in base 7?
5115
Convert 1134303 (base 5) to base 9.
32068
Convert 4d4 (base 15) to base 7.
3130
What is -11213302 (base 4) in base 7?
-124063
-1021122 (base 3) to base 10
-935
-4362 (base 8) to base 16
-8f2
31131 (base 6) to base 14
1731
What is -14e (base 16) in base 10?
-334
Convert d48 (base 14) to base 3.
10120202
-9a (base 16) to base 6
-414
Convert -12211 (base 3) to base 15.
-a7
1135 (base 6) to base 12
1ab
13410 (base 5) to base 11
915
Convert 6514 (base 8) to base 7.
12632
What is -26113 (base 7) in base 5?
-210134
Convert -2354 (base 13) to base 3.
-20211002
-22440 (base 5) to base 16
-654
-239c (base 13) to base 10
-5030
Convert -cdb (base 15) to base 4.
-231122
What is -1423102 (base 5) in base 6?
-345505
What is fc4 (base 16) in base 2?
111111000100
What is 6e2 (base 16) in base 5?
24022
What is 7ec1 (base 15) in base 11?
19286
-225 (base 12) to base 4
-10331
-5170 (base 11) to base 2
-1101011000101
Convert -12671 (base 8) to base 10.
-5561
-12023 (base 4) to base 16
-18b
-8126 (base 9) to base 5
-142222
Convert -402435 (base 6) to base 8.
-75727
4462 (base 10) to base 9
6107
2442 (base 5) to base 12
270
What is 72e1 (base 15) in base 6?
304234
What is -1510 (base 16) in base 8?
-12420
226 (base 11) to base 16
10e
What is 27 (base 14) in base 3?
1022
Convert -5424 (base 9) to base 10.
-3991
-1340 (base 9) to base 11
-837
171 (base 15) to base 5
2311
What is -1a1 (base 15) in base 5?
-3001
What is 137 (base 11) in base 9?
188
What is 284 (base 11) in base 13?
1c9
What is -53131 (base 7) in base 5?
-404410
What is -2e83 (base 15) in base 2?
-10011100100111
15175 (base 12) to base 5
1421414
What is b954 (base 12) in base 8?
47620
Convert -15a (base 11) to base 5.
-